uppose 0 = 5*d - 0*d + 4*l - 484, 5*d = -5*l + 485. Calculate the greatest common divisor of 24 and d.
24
Suppose -4*b + 76 = 2*h, 0*b + 10 = b - 4*h. What is the highest common factor of b and 45?
9
Let o = -58 + 76. What is the greatest common divisor of o and 162?
18
Let s(q) = -6*q**3 + 3*q**2 - q. Let b be s(-3). What is the highest common factor of 24 and b?
24
Let b = -30 - -11. Let n = 5 - b. Suppose -7*a + 10*a = 24. Calculate the greatest common factor of a and n.
8
Let d be (1 - (-38)/(-6))/(22/(-231)). What is the greatest common divisor of 8 and d?
8
Let s(c) = -c**2 - 10*c + 9. Let f be s(-10). What is the highest common divisor of f and 1?
1
Suppose 3*q - 263 = 5*x, -2*q + 4*x = -6*q + 308. Calculate the highest common factor of q and 54.
27
Let m = 8 - 17. Let n be (m + 10)/(2/268). Let y = n + -46. What is the highest common factor of y and 11?
11
Suppose 12*m - 7*m - 15 = 0. Suppose -m*x = -5*x + 88. What is the greatest common factor of 4 and x?
4
Let n = 37 + -35. Calculate the greatest common factor of 3 and n.
1
Let a = 20 + -18. Suppose -a*t + t + 5 = 0. What is the highest common divisor of 35 and t?
5
Let u = -18 - -96. Suppose -3*z - 6 = 0, -2*z + u = -2*n + z. Let t be (n/(-5))/((-3)/(-10)). What is the highest common factor of t and 7?
7
Suppose 0 = -3*z + 5*v + 20, 0 = z - 2*v + v - 4. Let y be z + 1 + (-12 - -28). What is the highest common factor of 153 and y?
17
Suppose -1 = -x + 1, 3*a - 5*x = 29. Calculate the highest common divisor of a and 13.
13
Suppose 0 = 5*f - 109 - 71. Let n = -20 + f. Let w be ((-6)/(-4))/(3/4). Calculate the highest common divisor of n and w.
2
Suppose 0*h - 1 = -h. Let d be (-9)/6*-6*h. Calculate the greatest common factor of 72 and d.
9
Let z(a) be the first derivative of -a**3/3 - 9*a**2/2 - 7*a + 9. Let m be z(-6). What is the highest common divisor of 11 and m?
11
Suppose -45 = -5*v - 4*j, -6*j + 25 = -j. Let p = -14 + 49. What is the greatest common factor of v and p?
5
Suppose -q + 3*k + 26 = 1, 0 = -2*q - 2*k + 10. Let y be 0*(-1 + (-8)/(-4)). Suppose y = -22*d + 23*d - 110. Calculate the highest common factor of d and q.
10
Suppose 12*i - 2 = 11*i. What is the highest common factor of 22 and i?
2
Let l = -22 - -28. Suppose 4*s - 2 - l = 0. What is the greatest common factor of 2 and s?
2
Let o(q) = -12*q**3 - 1. Let d = 0 + -1. Let k be o(d). Calculate the highest common factor of k and 11.
11
Let p be (-2)/3 - 440/(-12). What is the highest common factor of p and 12?
12
Suppose 2*w - 3 - 5 = 0. Suppose -j + 20 = w*j. What is the greatest common divisor of j and 16?
4
Let k(m) = -10*m - 66. Let n be k(-7). Calculate the highest common factor of 16 and n.
4
Suppose 4*z + 3*d - 2*d = 20, 4*z + 4 = 5*d. What is the greatest common divisor of 44 and z?
4
Let y(v) = v + 17. Let u be y(-8). Calculate the highest common divisor of 9 and u.
9
Let u be 1*34*2 + 1. What is the greatest common divisor of u and 23?
23
Suppose 4*d + 12 = 0, 0*d + 5 = -2*y - 5*d. Suppose l - 5*n = 45, 3 - 2 = -n. Calculate the highest common factor of l and y.
5
Let g be (1*(1 - -1))/(-2). Let s be 0/(0 - g/1). Suppose q - 21 - 24 = s. What is the greatest common divisor of q and 18?
9
Let s be 970/9 - (-8)/36. Suppose 0*d = 5*p - 4*d + 7, 5*d = 15. Let g be (-1)/(s/(-105) + p). What is the greatest common factor of 5 and g?
5
Let g(x) = -x**3 - 6*x**2 - 2*x - 6. Let r be g(-6). Suppose 61 = 3*b + 4*t, 2*b + 0*t - 38 = -2*t. What is the highest common divisor of b and r?
3
Suppose 0 = -y + 4 - 1. Suppose 1 = -y*f + 7. Calculate the greatest common divisor of f and 2.
2
Let b(s) = -s - 3. Let m be b(-15). What is the greatest common divisor of m and 84?
12
Suppose 2*a - 2*s = -2*a - 8, -2*a - 3*s = -4. Let g be (29 - a)*3/5. What is the greatest common factor of 6 and g?
6
Suppose 2*t - 6 = -2. Let b(l) = 6*l + 44. Let h be b(-7). What is the greatest common factor of t and h?
2
Suppose 4*g - 168 = -3*a, 2*g - a - 98 = a. Let q = 6 - 1. Calculate the greatest common factor of g and q.
5
Let i = -1 + -1. Suppose -5*k - 16 - 4 = 0. Let o = i - k. Calculate the highest common divisor of o and 14.
2
Let o(i) = -i + 3*i - 7 + 2*i - 5. Suppose 5*b - 30 = -4*a, -2*a + 2 + 8 = 2*b. Let z be o(b). What is the highest common factor of z and 14?
14
Let b(a) = a - 2*a**2 + 0*a**3 - 4*a**2 + 2*a**3 - a**3 - 1. Let x be b(6). What is the highest common divisor of x and 55?
5
Suppose -5*n - 4*l - 54 = -12, 5*n + 3*l = -39. Let d be n*(1 - 3/(-6)). Let i be (-2)/(((-24)/d)/(-4)). What is the greatest common factor of 24 and i?
3
Suppose -5*b + 40 = -4*z, -b + 28 = 2*z + 6. Calculate the highest common divisor of b and 24.
12
Suppose -5*y + 46 = 5*n - 184, -2*n + 5*y = -64. Suppose -h - 2*h + n = 0. What is the highest common divisor of h and 154?
14
Let m be (-4)/(1/(0 - 6)). What is the greatest common factor of m and 60?
12
Suppose 2*c = -4*o + 116, -3*c - c - 3*o + 207 = 0. Let k be -18*(-2 - (-4)/6). Calculate the greatest common divisor of c and k.
24
Let w(f) = -f**3 + f**2 + f + 16. Let j be w(0). Calculate the greatest common factor of j and 8.
8
Let t be 22/(2*(-2)/8). Let y(x) = x**3 - 6*x**2 - 7*x + 4. Let h be y(8). Let g = h + t. What is the greatest common divisor of g and 8?
8
Suppose -2*v + 4*v + 4*c = 106, -4*c - 179 = -3*v. Let m be 1 - 3/(3/16). Let n be 1/(m/6)*-95. Calculate the greatest common divisor of n and v.
19
Let q(k) = 17*k - 9. Let b be q(9). Calculate the highest common factor of b and 16.
16
Let k be (-1)/(-2) - (-5)/2. Suppose -k = g - 12. Let y = 16 - g. What is the greatest common divisor of y and 7?
7
Let g(r) = -2*r - 5. Let a be g(-5). Suppose 2*d = 3*u + 7, -1 = -d - u + 5*u. What is the highest common divisor of a and d?
5
Suppose 5*k + 4*f = 19, 3*f = -2*k - f - 2. Suppose -3*v - 315 = -8*v. Calculate the greatest common divisor of v and k.
7
Let i = -224 - -370. Suppose -124 = -4*b - 4*k, -5*b + 0*b = -4*k - i. What is the greatest common factor of b and 10?
10
Let c be 1*(4 - 0) + (211 - 8). What is the greatest common factor of 23 and c?
23
Let z(h) = 2*h**3 - 5*h**2 - h + 4. Let o be z(4). What is the highest common divisor of o and 6?
6
Let f = 42 - 25. What is the greatest common divisor of 17 and f?
17
Suppose 0 = -3*v - 50 + 809. What is the highest common factor of 23 and v?
23
Let p be 2 - 0/(8/4). Calculate the greatest common divisor of p and 20.
2
Let s be 1 - (-18 - 2/(-2)). Let g(w) = 44*w**2 - 3*w - 2. Let r be g(-1). Calculate the highest common divisor of r and s.
9
Suppose -3*i - 2*q + 10 = 0, -5*i + 14 = 4*q - 4. What is the greatest common divisor of i and 2?
2
Let d(b) = -b**3 + 6*b**2 - 2*b. Let a be d(5). Suppose 3*l = 56 - 11. Calculate the greatest common factor of a and l.
15
Suppose 3*m - 3*r = 21 - 6, 0 = -5*r. Suppose 26 = u + 6. Calculate the highest common factor of m and u.
5
Suppose -3*d - 42 = -6*d. Suppose -3*g - 7 = 2*x, 3*x = 2*g - 3*g - d. Suppose -5*n = -4*n - 9. What is the greatest common factor of n and g?
1
Suppose 48 = k + 9*o - 4*o, 0 = -4*o + 8. Calculate the highest common factor of k and 38.
38
Suppose x = 56 + 40. What is the greatest common factor of x and 12?
12
Let y(j) = 4*j**3 + 2*j**2 - 2*j. Let w be y(2). Suppose 2*f - 29 = 7. Calculate the greatest common factor of w and f.
18
Let g(n) = -n**3 - 5*n**2 - 2*n. Let k be g(-5). Calculate the highest common factor of k and 50.
10
Suppose 0 = -3*o - l + 46, 0 = 2*o - l + 4*l - 26. What is the highest common divisor of o and 48?
16
Let a = -79 + 93. Calculate the highest common factor of a and 112.
14
Let v = -9 + 13. Suppose 0*x - 3*x + 4*y = -44, 5*y + 22 = x. Calculate the highest common divisor of x and v.
4
Let u(c) = -7*c**2 - c. Let z be u(-2). Let t = 107 + z. What is the highest common factor of t and 9?
9
Suppose -4*m + y + 6 = 0, 0 = 4*m + 5*y - 0 - 18. Suppose -h - 3*g + 127 = -m*g, 152 = h - 4*g. What is the greatest common factor of 12 and h?
12
Let h = -7 + 11. Suppose 3*w + 7 = h. Let l(m) = 5*m**2 + m. Let j be l(w). What is the greatest common factor of j and 1?
1
Let l(v) = 2*v**2 - 2*v + 6. Let i be l(7). Suppose 49 = 5*f + g, -5*g - 9 = -3*f + 26. Calculate the highest common factor of i and f.
10
Let d(c) = -c**2 - 6*c + 3. Let t be d(-5). Let a be (-657